{"id":56,"date":"2023-06-13T10:40:06","date_gmt":"2023-06-13T10:40:06","guid":{"rendered":"http:\/\/www.umiberia.com\/?page_id=56"},"modified":"2026-02-11T09:07:38","modified_gmt":"2026-02-11T09:07:38","slug":"metodos-de-empleo","status":"publish","type":"page","link":"https:\/\/www.umiberia.com\/index.php\/united-molasses\/metodos-de-empleo\/","title":{"rendered":"M\u00c9TODOS DE EMPLEO"},"content":{"rendered":"\n<p>Las melazas pueden administrarse en forma l\u00edquida, tanto en el campo como en los establos, extendi\u00e9ndola sobre el forraje en los comederos<\/p>\n\n\n\n<p>Sin embargo, la forma m\u00e1s frecuente del uso de melazas es mezclarla con otros ingredientes en forma de piensos compuestos, especialmente si \u00e9ste es granulado o como parte de raciones unifeed en carros mezcladores.<\/p>\n\n\n\n<p>Si bien en un principio la utilizaci\u00f3n de melazas era para ganado vacuno, actualmente \u00e9stas tambi\u00e9n entran a formar parte de los piensos con que se alimentan caballos, cerdos, corderos, aves y conejos.<\/p>\n\n\n\n<p>Otro de los empleos que tiene la melaza es como aditivo a los ensilados, puesto que su alto contenido en az\u00facares permite unas fermentaciones que eliminan la presencia de bacterias no deseadas en el ensilado. Estas son algunas cifras orientativas de las cantidades que se pueden administrar a diversos grupos de animales:<\/p>\n\n\n\n<figure class=\"wp-block-image\"><img decoding=\"async\" src=\"http:\/\/www.umiberia.com\/wp-content\/uploads\/2023\/06\/Silo01.jpg\" alt=\"\"\/><\/figure>\n\n\n\n<figure class=\"wp-block-table\"><table class=\"has-fixed-layout\"><tbody><tr><td>\n<p>Ganado vacuno de carne<\/p>\n<\/td><td>\n<p>&nbsp;&nbsp;&nbsp;&nbsp;&nbsp; 10%<\/p>\n<\/td><\/tr><tr><td>\n<p>Ganado vacuno de leche<\/p>\n<\/td><td>\n<p>&nbsp;&nbsp;&nbsp; 5-10%<\/p>\n<\/td><\/tr><tr><td>\n<p>Ganado ovino y caprino<\/p>\n<\/td><td>\n<p>&nbsp;&nbsp;&nbsp; 5-10%<\/p>\n<\/td><\/tr><tr><td>\n<p>Ganado porcino<\/p>\n<\/td><td>\n<p>&nbsp;&nbsp; 2,5-8%<\/p>\n<\/td><\/tr><tr><td>\n<p>Ganado equino<\/p>\n<\/td><td>\n<p>&nbsp;&nbsp;&nbsp;&nbsp; 5-10%<\/p>\n<\/td><\/tr><tr><td>\n<p>Aves<\/p>\n<\/td><td>\n<p>&nbsp;&nbsp;&nbsp;&nbsp;&nbsp; 2-3%<\/p>\n<\/td><\/tr><\/tbody><\/table><\/figure>\n\n\n\n<p>En el caso concreto del ganado vacuno lechero las raciones formuladas incluyen en ocasiones niveles de inclusi\u00f3n de melaza superiores al 10%. Lo aconsejable es empezar por 500 gramos diarios hasta llegar al consumo de 2 kilos diarios por animal<\/p>\n\n\n\n<p>Las melazas pueden incluirse en raciones para ganado ovino en proporciones similares a las usadas en raciones para vacuno de leche. Adem\u00e1s los carbohidratos de las melazas pueden servir para el mantenimiento de la salud durante la estaci\u00f3n de paridera.<\/p>\n\n\n\n<p>Para ganado porcino se suele emplear melaza en las proporciones que se indican a continuaci\u00f3n:<\/p>\n\n\n\n<p>&nbsp;&nbsp;&nbsp;&nbsp;&nbsp;&nbsp;&nbsp;&nbsp;&nbsp;&nbsp;&nbsp; Piensos para lechones &#8211; 2,5%<br>&nbsp;&nbsp;&nbsp;&nbsp;&nbsp;&nbsp;&nbsp;&nbsp;&nbsp;&nbsp;&nbsp; Piensos para cebo \u2013 6-8%<br>&nbsp;&nbsp;&nbsp;&nbsp;&nbsp;&nbsp;&nbsp;&nbsp;&nbsp;&nbsp;&nbsp; Piensos para cerdas &#8211; 8%<\/p>\n","protected":false},"excerpt":{"rendered":"<p>Las melazas pueden administrarse en forma l\u00edquida, tanto en el campo como en los establos, extendi\u00e9ndola sobre el forraje en los comederos Sin embargo, la forma m\u00e1s frecuente del uso de melazas es mezclarla con otros ingredientes en forma de piensos compuestos, especialmente si \u00e9ste es granulado o como parte de raciones unifeed en carros [&hellip;]<\/p>\n","protected":false},"author":1,"featured_media":0,"parent":13,"menu_order":2,"comment_status":"closed","ping_status":"closed","template":"","meta":{"_themeisle_gutenberg_block_has_review":false,"cybocfi_hide_featured_image":"","footnotes":""},"class_list":["post-56","page","type-page","status-publish","hentry"],"_links":{"self":[{"href":"https:\/\/www.umiberia.com\/index.php\/wp-json\/wp\/v2\/pages\/56","targetHints":{"allow":["GET"]}}],"collection":[{"href":"https:\/\/www.umiberia.com\/index.php\/wp-json\/wp\/v2\/pages"}],"about":[{"href":"https:\/\/www.umiberia.com\/index.php\/wp-json\/wp\/v2\/types\/page"}],"author":[{"embeddable":true,"href":"https:\/\/www.umiberia.com\/index.php\/wp-json\/wp\/v2\/users\/1"}],"replies":[{"embeddable":true,"href":"https:\/\/www.umiberia.com\/index.php\/wp-json\/wp\/v2\/comments?post=56"}],"version-history":[{"count":9,"href":"https:\/\/www.umiberia.com\/index.php\/wp-json\/wp\/v2\/pages\/56\/revisions"}],"predecessor-version":[{"id":466,"href":"https:\/\/www.umiberia.com\/index.php\/wp-json\/wp\/v2\/pages\/56\/revisions\/466"}],"up":[{"embeddable":true,"href":"https:\/\/www.umiberia.com\/index.php\/wp-json\/wp\/v2\/pages\/13"}],"wp:attachment":[{"href":"https:\/\/www.umiberia.com\/index.php\/wp-json\/wp\/v2\/media?parent=56"}],"curies":[{"name":"wp","href":"https:\/\/api.w.org\/{rel}","templated":true}]}}