{"id":360,"date":"2025-10-07T09:36:14","date_gmt":"2025-10-07T09:36:14","guid":{"rendered":"https:\/\/www.umiberia.com\/?page_id=360"},"modified":"2026-03-25T08:48:05","modified_gmt":"2026-03-25T08:48:05","slug":"sobre-nosotros","status":"publish","type":"page","link":"https:\/\/www.umiberia.com\/index.php\/sobre-nosotros\/","title":{"rendered":"Sobre nosotros"},"content":{"rendered":"\n<div class=\"wp-block-cover alignfull has-parallax\"><div class=\"wp-block-cover__image-background wp-image-99 size-full has-parallax\" style=\"background-position:50% 50%;background-image:url(http:\/\/www.umiberia.com\/wp-content\/uploads\/2023\/06\/Fondo02.jpg)\"><\/div><span aria-hidden=\"true\" class=\"wp-block-cover__background has-background-dim\" style=\"background-color:#82553c\"><\/span><div class=\"wp-block-cover__inner-container has-global-padding is-layout-constrained wp-block-cover-is-layout-constrained\">\n<p class=\"has-text-align-center is-style-text-poster has-vast-font-size is-style-text-poster--1\"><strong>Sobre nosotros:<\/strong><\/p>\n<\/div><\/div>\n\n\n\n<div id=\"wp-block-themeisle-blocks-tabs-e5f2874a\" class=\"wp-block-themeisle-blocks-tabs alignleft o-typing-delay-500ms\"><div class=\"wp-block-themeisle-blocks-tabs__content\">\n<div data-title=\"<o-anim-typing&gt;\u00bfQui\u00e9nes somos?<\/o-anim-typing&gt;\" class=\"wp-block-themeisle-blocks-tabs-item\"><div class=\"wp-block-themeisle-blocks-tabs-item__header\" tabindex=\"0\"><o-anim-typing>\u00bfQui\u00e9nes somos?<\/o-anim-typing><\/div><div class=\"wp-block-themeisle-blocks-tabs-item__content\">\n<div class=\"wp-block-group is-nowrap is-layout-flex wp-container-core-group-is-layout-6c531013 wp-block-group-is-layout-flex\">\n<div class=\"wp-block-group has-global-padding is-layout-constrained wp-container-core-group-is-layout-b70b6540 wp-block-group-is-layout-constrained\">\n<p>UNITED MOLASSES, S.A. es una compa\u00f1\u00eda que se dedica a la distribuci\u00f3n de melaza y de productos basados en la melaza, respaldada por el l\u00edder mundial en la comercializaci\u00f3n de melazas, UNITED MOLASSES GROUP.<\/p>\n\n\n\n<p>En la Pen\u00ednsula Ib\u00e9rica tiene 3 puntos de almacenaje, en Galicia, Extremadura y M\u00e1laga, desde donde se distribuye melaza de ca\u00f1a o remolacha, seg\u00fan disponibilidad, y otra en Lisboa para cubrir el mercado portugu\u00e9s.<\/p>\n\n\n\n<p>La central&nbsp; se encuentra situada en Madrid, en&nbsp;<strong>Camino Fuente de la Mora 9.<\/strong><\/p>\n<\/div>\n\n\n\n<figure class=\"wp-block-image size-full is-resized animated slideInUp\"><img loading=\"lazy\" decoding=\"async\" width=\"600\" height=\"338\" src=\"http:\/\/www.umiberia.com\/wp-content\/uploads\/2023\/06\/ovejas01pequena.jpg\" alt=\"\" class=\"wp-image-163\" style=\"width:424px;height:auto\" srcset=\"https:\/\/www.umiberia.com\/wp-content\/uploads\/2023\/06\/ovejas01pequena.jpg 600w, https:\/\/www.umiberia.com\/wp-content\/uploads\/2023\/06\/ovejas01pequena-300x169.jpg 300w, https:\/\/www.umiberia.com\/wp-content\/uploads\/2023\/06\/ovejas01pequena-500x282.jpg 500w\" sizes=\"auto, (max-width: 600px) 100vw, 600px\" \/><\/figure>\n<\/div>\n\n\n\n<div style=\"height:21px\" aria-hidden=\"true\" class=\"wp-block-spacer\"><\/div>\n\n\n<div style=\"height:400pxpx;\" class=\"wp-block-themeisle-blocks-leaflet-map\" id=\"wp-block-themeisle-blocks-leaflet-map-4c38b926\"><\/div>\n<script type=\"text\/javascript\">\n\t\/* <![CDATA[ *\/\n\t\tif ( ! window.themeisleLeafletMaps ) window.themeisleLeafletMaps =[];\n\t\twindow.themeisleLeafletMaps.push( { container: \"wp-block-themeisle-blocks-leaflet-map-4c38b926\", attributes: {\"id\":\"wp-block-themeisle-blocks-leaflet-map-4c38b926\",\"location\":\"Fuente de la mora\",\"latitude\":\"40.48599980581982\",\"longitude\":\"-3.660837924749583\",\"bbox\":\"-3.665571212768555,40.48518380353115,-3.6561030149459843,40.486815798187855\",\"zoom\":18,\"height\":\"400px\",\"markers\":[],\"zoomControl\":true,\"draggable\":true,\"hasCustomCSS\":false,\"customCSS\":\"\",\"otterConditions\":[]} } );\n\t\/* ]]> *\/\n<\/script>\n<\/div><\/div>\n\n\n\n<div data-title=\"<o-anim-typing&gt;Nuestro negocio<\/o-anim-typing&gt;\" class=\"wp-block-themeisle-blocks-tabs-item\"><div class=\"wp-block-themeisle-blocks-tabs-item__header\" tabindex=\"0\"><o-anim-typing>Nuestro negocio<\/o-anim-typing><\/div><div class=\"wp-block-themeisle-blocks-tabs-item__content\">\n<p>Desde hace muchos a\u00f1os se vienen utilizando las melazas y piensos l\u00edquidos como ingrediente en la fabricaci\u00f3n de piensos compuestos y mezclas unifeed para ganado.<\/p>\n\n\n\n<p>Otros campos de utilizaci\u00f3n son fermentaci\u00f3n, con objeto de obtener alcoholes, levaduras, amino\u00e1cidos para alimentaci\u00f3n humana o alimentaci\u00f3n animal y cualquier otro elemento que requiera una base fermentable en su proceso de producci\u00f3n. Tambi\u00e9n por su aporte de materia org\u00e1nica en fabricaci\u00f3n de fertilizantes.<\/p>\n\n\n\n<p>No nos olvidamos del uso industrial de la melaza, que cada vez tiene mayor importancia y dentro del que cada d\u00eda se descubren nuevas utilidades. Su uso como aglomerante para diferentes sectores, como el minero-sider\u00fargico, o su uso para la fabricaci\u00f3n de colas y resinas.<\/p>\n<\/div><\/div>\n\n\n\n<div data-title=\"<o-anim-typing&gt;Nuestra filosof\u00eda<\/o-anim-typing&gt;\" class=\"wp-block-themeisle-blocks-tabs-item\"><div class=\"wp-block-themeisle-blocks-tabs-item__header\" tabindex=\"0\"><o-anim-typing>Nuestra filosof\u00eda<\/o-anim-typing><\/div><div class=\"wp-block-themeisle-blocks-tabs-item__content\">\n<div class=\"wp-block-group is-nowrap is-layout-flex wp-container-core-group-is-layout-6c531013 wp-block-group-is-layout-flex\">\n<div class=\"wp-block-group has-global-padding is-content-justification-left is-layout-constrained wp-container-core-group-is-layout-1e3c76ac wp-block-group-is-layout-constrained\">\n<p>Desde United Molasses hemos ayudado al mercado a que sus procesos productivos se hayan optimizado de forma continua, para lo cual nos hemos basado en nuestros amplios conocimientos t\u00e9cnicos y del mercado, y ello nos ha permitido mantenernos a la cabeza de los proveedores de melaza.<\/p>\n\n\n\n<p>Nuestro \u00e9xito a largo plazo nos exige un compromiso total con unos est\u00e1ndares de productividad y calidad excepcionales, para lo cual trabajamos de forma efectiva con el mercado desarrollando nuevas ideas y aprendiendo conjuntamente con nuestros clientes.<\/p>\n\n\n\n<p>Estamos orientados a pensar de forma anticipada a las necesidades de nuestros clientes, y enfocados a lograr su satisfacci\u00f3n, lo cual nos permitir\u00e1 un crecimiento de nuestro negocio en el tiempo.<\/p>\n\n\n\n<p>Por ello nuestro objetivo es satisfacer las necesidades actuales y futuras del mercado, anticip\u00e1ndonos a las expectativas de nuestros clientes y respondiendo de forma creativa y competitiva con productos y servicios que son necesarios para su crecimiento y desarrollo, para los cual hemos creado unas relaciones integrales con nuestros clientes que nos han permitido desarrollar soluciones para resolver sus necesidades y asegurar su crecimiento y mejora de forma sostenida.<\/p>\n\n\n\n<p>El camino para mantener esa excelencia en United Molasses pasa por alcanzar el mayor n\u00famero de mejoras competitivas que hagan posible un funcionamiento por encima de las expectativas esperadas en todos los aspectos de nuestro negocio, y as\u00ed crearemos valor a largo plazo para nuestros accionistas, clientes, proveedores y empleados.<\/p>\n\n\n\n<p>Nuestra preocupaci\u00f3n por la conservaci\u00f3n de los recursos naturales y el medio ambiente, as\u00ed como la protecci\u00f3n de la naturaleza son aspectos que est\u00e1n siempre presentes en todas nuestras actuaciones, del mismo modo que la seguridad de todos nuestros trabajadores y el desarrollo de nuestra actividad en unas \u00f3ptimas condiciones laborales son un compromiso continuo.<\/p>\n<\/div>\n\n\n\n<figure class=\"wp-block-image alignwide size-large\"><a href=\"https:\/\/oeitss.mites.gob.es\/buzonitss\/\" target=\"_blank\" rel=\"Denuncialo\"><img loading=\"lazy\" decoding=\"async\" width=\"762\" height=\"1024\" src=\"https:\/\/www.umiberia.com\/wp-content\/uploads\/2026\/03\/ModernSlaveryPosterA4Spain-762x1024.png\" alt=\"\" class=\"wp-image-489\" srcset=\"https:\/\/www.umiberia.com\/wp-content\/uploads\/2026\/03\/ModernSlaveryPosterA4Spain-762x1024.png 762w, https:\/\/www.umiberia.com\/wp-content\/uploads\/2026\/03\/ModernSlaveryPosterA4Spain-223x300.png 223w, https:\/\/www.umiberia.com\/wp-content\/uploads\/2026\/03\/ModernSlaveryPosterA4Spain-768x1031.png 768w, https:\/\/www.umiberia.com\/wp-content\/uploads\/2026\/03\/ModernSlaveryPosterA4Spain-1144x1536.png 1144w, https:\/\/www.umiberia.com\/wp-content\/uploads\/2026\/03\/ModernSlaveryPosterA4Spain-1525x2048.png 1525w, https:\/\/www.umiberia.com\/wp-content\/uploads\/2026\/03\/ModernSlaveryPosterA4Spain.png 1656w\" sizes=\"auto, (max-width: 762px) 100vw, 762px\" \/><\/a><\/figure>\n<\/div>\n\n\n\n<div class=\"wp-block-group is-content-justification-center is-nowrap is-layout-flex wp-container-core-group-is-layout-23441af8 wp-block-group-is-layout-flex\"><\/div>\n<\/div><\/div>\n<\/div><\/div>\n","protected":false},"excerpt":{"rendered":"","protected":false},"author":1,"featured_media":0,"parent":0,"menu_order":0,"comment_status":"closed","ping_status":"closed","template":"","meta":{"_themeisle_gutenberg_block_has_review":false,"cybocfi_hide_featured_image":"","footnotes":""},"class_list":["post-360","page","type-page","status-publish","hentry"],"_links":{"self":[{"href":"https:\/\/www.umiberia.com\/index.php\/wp-json\/wp\/v2\/pages\/360","targetHints":{"allow":["GET"]}}],"collection":[{"href":"https:\/\/www.umiberia.com\/index.php\/wp-json\/wp\/v2\/pages"}],"about":[{"href":"https:\/\/www.umiberia.com\/index.php\/wp-json\/wp\/v2\/types\/page"}],"author":[{"embeddable":true,"href":"https:\/\/www.umiberia.com\/index.php\/wp-json\/wp\/v2\/users\/1"}],"replies":[{"embeddable":true,"href":"https:\/\/www.umiberia.com\/index.php\/wp-json\/wp\/v2\/comments?post=360"}],"version-history":[{"count":25,"href":"https:\/\/www.umiberia.com\/index.php\/wp-json\/wp\/v2\/pages\/360\/revisions"}],"predecessor-version":[{"id":495,"href":"https:\/\/www.umiberia.com\/index.php\/wp-json\/wp\/v2\/pages\/360\/revisions\/495"}],"wp:attachment":[{"href":"https:\/\/www.umiberia.com\/index.php\/wp-json\/wp\/v2\/media?parent=360"}],"curies":[{"name":"wp","href":"https:\/\/api.w.org\/{rel}","templated":true}]}}