{"id":191,"date":"2024-01-25T10:38:47","date_gmt":"2024-01-25T10:38:47","guid":{"rendered":"https:\/\/www.umiberia.com\/?page_id=191"},"modified":"2024-01-25T10:59:07","modified_gmt":"2024-01-25T10:59:07","slug":"proveedores","status":"publish","type":"page","link":"https:\/\/www.umiberia.com\/index.php\/proveedores\/","title":{"rendered":"PROVEEDORES"},"content":{"rendered":"<p><\/p>\n<p class=\"wp-elements-7fafb4702fa47c18dab3f2f7ce3c238a\">Estimado Proveedor:<\/p>\n<p>En relaci\u00f3n a la Pol\u00edtica de Calidad de UNITED MOLASSES ESPA\u00d1A y en su<br>calidad de proveedor homologado de nuestra compa\u00f1\u00eda, su actividad<br>genera un impacto importante en el desarrollo de nuestra organizaci\u00f3n.<br>De acuerdo con esto, nuestro Sistema de Gesti\u00f3n de Calidad requiere del<br>cumplimiento de la Norma ISO 9001:2015 y un registro del proceso de<br>evaluaci\u00f3n de proveedores.<\/p><p>Le informamos igualmente que, para garantizar que sus servicios<br>contin\u00faan realiz\u00e1ndose conforme a los requisitos establecidos y que<br>mejoran de acuerdo con las expectativas de nuestra organizaci\u00f3n, en el<br>futuro se llevar\u00e1n a cabo an\u00e1lisis de la calidad de sus servicios; tanto de<br>forma peri\u00f3dica, como puntuales o aleatorios; entre otras, en relaci\u00f3n a<br>las siguientes materias:<\/p>\n<p>&#8211; <strong>An\u00e1lisis de los Plazos de Entregas<\/strong>: se verifica si el producto<br>comprado o servicio prestado est\u00e1 disponible en el momento<br>acordado, ni antes ni despu\u00e9s.<\/p>\n<p>&#8211; <strong>Cumplimiento especificaciones t\u00e9cnicas<\/strong>: se comprueba si el<br>producto o servicio alcanza el est\u00e1ndar exigido.<\/p>\n<p>&#8211; <strong>Disponibilidad<\/strong>: se analiza si el proveedor es accesible a cambios,<br>modificaciones, imprevistos, urgencias\u2026etc.<\/p>\n<p>&#8211; <strong>Coste de proveedor<\/strong>: Coste del Servicio o producto solicitado.<\/p>\n<p>&#8211; <strong>Certificado de Calidad<\/strong>: La empresa tiene Certificado de Calidad.<\/p>\n<p>&#8211; <strong>Transportistas propios<\/strong>: La empresa tiene transportistas propios y no<br>subcontrata.<\/p>\n<p>&#8211; <strong>Lavadero propio<\/strong>: La empresa cuenta con lavadero propio.<\/p>\n<p>Esta evaluaci\u00f3n considera aspectos que permiten evaluar la capacidad que<br>tienen nuestros proveedores para cumplir con los requerimientos<br>expresados por nuestra empresa.<\/p>\n<p><\/p>\n<p><\/p>\n<p><\/p>\n<p><\/p>","protected":false},"excerpt":{"rendered":"<p>Estimado Proveedor: En relaci\u00f3n a la Pol\u00edtica de Calidad de UNITED MOLASSES ESPA\u00d1A y en sucalidad de proveedor homologado de nuestra compa\u00f1\u00eda, su actividadgenera un impacto importante en el desarrollo de nuestra organizaci\u00f3n.De acuerdo con esto, nuestro Sistema de Gesti\u00f3n de Calidad requiere delcumplimiento de la Norma ISO 9001:2015 y un registro del proceso deevaluaci\u00f3n [&hellip;]<\/p>\n","protected":false},"author":1,"featured_media":0,"parent":0,"menu_order":0,"comment_status":"closed","ping_status":"closed","template":"","meta":{"_themeisle_gutenberg_block_has_review":false,"cybocfi_hide_featured_image":"","footnotes":""},"class_list":["post-191","page","type-page","status-publish","hentry"],"_links":{"self":[{"href":"https:\/\/www.umiberia.com\/index.php\/wp-json\/wp\/v2\/pages\/191","targetHints":{"allow":["GET"]}}],"collection":[{"href":"https:\/\/www.umiberia.com\/index.php\/wp-json\/wp\/v2\/pages"}],"about":[{"href":"https:\/\/www.umiberia.com\/index.php\/wp-json\/wp\/v2\/types\/page"}],"author":[{"embeddable":true,"href":"https:\/\/www.umiberia.com\/index.php\/wp-json\/wp\/v2\/users\/1"}],"replies":[{"embeddable":true,"href":"https:\/\/www.umiberia.com\/index.php\/wp-json\/wp\/v2\/comments?post=191"}],"version-history":[{"count":9,"href":"https:\/\/www.umiberia.com\/index.php\/wp-json\/wp\/v2\/pages\/191\/revisions"}],"predecessor-version":[{"id":212,"href":"https:\/\/www.umiberia.com\/index.php\/wp-json\/wp\/v2\/pages\/191\/revisions\/212"}],"wp:attachment":[{"href":"https:\/\/www.umiberia.com\/index.php\/wp-json\/wp\/v2\/media?parent=191"}],"curies":[{"name":"wp","href":"https:\/\/api.w.org\/{rel}","templated":true}]}}